(j).
3
Let g(c) = 2*c**2 + 1. Let u be g(1). Suppose -u*b = 4 - 19. Let r(p) = 3*p - b*p - 3 + 3*p. What is r(-4)?
-7
Let s(r) be the third derivative of r**4/8 - r**3/2 + r**2. Let h = 20 - 17. Calculate s(h).
6
Let s(o) = -7*o**2 - 2*o + 7. Let x(m) = -6*m**2 - m + 6. Let n = 20 - 26. Let h(u) = n*x(u) + 5*s(u). Determine h(4).
-1
Let d(q) = -q**2 - 4*q + 1. Let p(s) = -1. Let n(k) = -d(k) + p(k). Suppose 3*w = -5*l + 1, 4*w - 14 + 1 = 5*l. Let j = -6 - l. Give n(j).
3
Let s(r) = r**2 - 8*r. Let l(g) = -g**2 + 15*g + 1. Let u(z) = -3*l(z) - 5*s(z). Suppose c + 5*p + 9 = 0, -4*p + 13 + 5 = -2*c. Let j = c + 6. Determine u(j).
-6
Let d(h) = -2*h - 27. Let i(q) = -3*q - 41. Let w(s) = 8*d(s) - 5*i(s). Let g be (-1 - (-1 - 0))/(-1). Determine w(g).
-11
Let g be (10/(-2))/((-45)/18). Let z(j) = -3*j**3 + 3*j**2 - j. Give z(g).
-14
Let v be (270/(-21))/3 - (-16)/56. Let n(s) be the third derivative of -s**5/120 - s**4/6 - s**3/3 + s**2. Let h(y) be the first derivative of n(y). Give h(v).
0
Let i(o) = 2*o + 20. Let m(l) = l + 7. Let j(p) = 6*i(p) - 17*m(p). Suppose f - 3*a = 8, 3*a - a + 10 = -4*f. Calculate j(f).
6
Let p(g) = -7*g**3 + g**2 + g + 1. Suppose -6 = -4*m + m. Suppose -y = -3*u - 3, -3*y + 1 = -3*u + m*u. Give p(u).
8
Let t(k) be the first derivative of -5*k**2/2 + 3*k - 4. Give t(2).
-7
Let s(p) be the third derivative of -p**4/12 + p**3/6 + 6*p**2. Calculate s(-3).
7
Let z = 137 - 144. Let g(c) be the second derivative of -c**5/20 - 2*c**4/3 - c**3 + 3*c**2 + c. Calculate g(z).
-1
Let f be 0/(3/6*-2). Suppose -2*t - 9 - 1 = f. Let z(b) = -b - 6. Determine z(t).
-1
Let g = -5 - -8. Suppose -4*m = -g*m - 5. Suppose 5*j - m - 10 = 0. Let w(q) = -3*q + 3. What is w(j)?
-6
Let k(b) = 3*b + 10. Let j(z) = 8*z + 29. Let q(t) = 4*j(t) - 11*k(t). What is q(5)?
1
Let r(k) = -k**3 + 13*k**2 - 13*k + 16. Let z be 210/18 - (-1)/3. Let s be r(z). Let u(g) = -g**3 + 4*g**2 - 2*g + 4. What is u(s)?
-4
Let v = 1 - 1. Let l(t) = -5*t**3 - 5*t**2 + 6*t - 6. Let x(d) = d**3 + d**2 - d. Let w = 4 + -10. Let f(a) = w*x(a) - l(a). Determine f(v).
6
Let k(j) be the third derivative of 0*j - 1/24*j**4 + j**3 + 0 - j**2. Give k(4).
2
Suppose 0 = 4*f + 2 - 26. Suppose 4*z + 5*o - f = 2, z + o = 2. Let k(c) = 5*c + 4 - 4 + c**z. Calculate k(-4).
-4
Let q = 15 + 2. Suppose 5*g - q = -3*i + 4, -4*g = 3*i - 21. Let u be (-8)/(-2)*i/(-14). Let c(h) = h**3 + 2*h**2. Calculate c(u).
0
Let v(f) = -f - 3. Suppose 0 = -2*b + b - 8. What is v(b)?
5
Let y(w) = w + 1. Let c be y(6). Let l(a) = -a + 6. Calculate l(c).
-1
Let r(x) = -1 - x - 2*x - 6*x + x**2. Determine r(9).
-1
Suppose 2*n = -3 + 11. Let s = -5 + n. Let q(f) = 2*f**2 + f + 1. What is q(s)?
2
Let m(c) be the second derivative of -c**4/6 - 2*c**3/3 + 3*c**2/2 + 9*c. What is m(2)?
-13
Let r(c) = 8*c**3 - 1. Let p be r(1). Let x(d) = -3*d + p*d**3 + d + 3*d. Give x(-1).
-8
Let w(t) be the second derivative of -t**3/6 - t. Let l = 3 + -3. Suppose 5*f = -4*z - 22, 5*z + 4*f + l*f = -23. What is w(z)?
3
Let k(t) be the first derivative of t**2/2 - 21*t + 60. Give k(11).
-10
Let c(b) = -3*b - 1. Let l(k) = 2*k. Let r(x) = -3*c(x) - 5*l(x). Calculate r(3).
0
Let h(d) be the second derivative of -7*d**3/6 - d**2/2 + 6*d. What is h(1)?
-8
Let t(b) = -b**2 + 2*b + 5 - 1 + 2*b - b. Let f(g) = g**2 - 4*g - 4. Let i(s) = -3*f(s) - 4*t(s). What is i(-3)?
5
Suppose 2*m + 3*m = 30. Let x(p) be the second derivative of -p**5/20 + p**4/2 + p. Give x(m).
0
Let y(h) = -4*h**2 - 9*h + 25. Let c(d) = -d**2 - 2*d + 6. Let a(o) = -9*c(o) + 2*y(o). Calculate a(0).
-4
Suppose a - 22 = 4*c, -5*c = -a + 20 + 7. Let y(b) = b - 4*b**2 + 0*b + 5*b**a + 0*b**2. Determine y(-1).
0
Let c(m) = -7*m**3 + 12*m**2 - 6*m + 3. Let v(a) = 0*a - 5*a**3 + 6*a - 11*a**2 - 3 + 11*a**3. Let w(x) = -5*c(x) - 6*v(x). Suppose -j + 4 = -1. Determine w(j).
-2
Let t(h) = -h - 4. Suppose -3*o = 5*a + 38, 0*o + 22 = -o - 4*a. Determine t(o).
2
Suppose -s - 4*s = 3*x + 22, 5*s = -2*x - 18. Suppose -3*t = -2*m - 6, 0*m + 23 = m + 5*t. Let q(c) = -2*c - 3 + 2 + m*c. Give q(s).
-3
Let w(l) = -l**2 - 7*l + 1. Let m = 4 + -9. Calculate w(m).
11
Let m(d) = d - 1. Let l(f) = f + 4. Let w be l(-2). What is m(w)?
1
Let c(q) = -q**2 - 3*q - 1. Let s be -1 - -10 - (-8 + 6). Let l(y) = y**3 - 11*y**2 + y - 15. Let g be l(s). Give c(g).
-5
Suppose 0 = -3*k + 2*k. Let m be (-3 - k)/((-9)/6). Let s(l) = l**3 - 2*l**3 - 2*l**2 + l**m - l + 7. Determine s(0).
7
Let u(n) = -9*n. Let s(h) = -h**2 + 6*h + 1. Let a be s(6). What is u(a)?
-9
Suppose -12 = 4*h - 0*h. Let a(i) be the second derivative of -i**5/20 - i**4/3 - 2*i**3/3 - 2*i**2 - i. Let l be a(h). Let r(s) = 3*s + 1. Give r(l).
-2
Let v(q) = -q**3 - 3*q**2 - q + 1. Let u = 1 - -2. Suppose 7*s = u*s. Suppose 5*h - w = -17, s = -3*h - 2*h + 5*w - 25. Determine v(h).
4
Suppose 255 = 5*j + 3*a + a, -3*j + 2*a + 153 = 0. Suppose -o = 2*o - j. Suppose -4*s = -3*b + o, 2*b + 0 - 12 = 3*s. Let z(c) = c - 4. Give z(b).
-1
Let f(m) be the third derivative of 0*m**3 + m**2 + 0*m**5 + 0*m + 0 + 1/360*m**6 - 1/24*m**4. Let x(c) be the second derivative of f(c). Determine x(1).
2
Suppose 8 = 7*z - 3*z + 3*s, -3*z = -s + 7. Let k(r) = -r**3 + 3*r**2 - 2. Let g be k(2). Let c(o) = -o + 3 + 9*o - g. Calculate c(z).
-7
Let n(g) = g + 14. Let x be n(-9). Let q(y) = 2 + 0 - x*y + 3*y + 0*y. Give q(2).
-2
Suppose 0 = 2*w + w - 27. Suppose -4*y = 11 + w. Let s(h) = h**2 + 6*h - 2. Determine s(y).
-7
Let i(w) = 3*w**3 + 24*w**2 - 14*w - 13. Let p(s) = -2*s**3 - 16*s**2 + 9*s + 9. Let g(c) = -5*i(c) - 8*p(c). What is g(-8)?
9
Let y(i) be the second derivative of -i**7/1260 - i**6/144 - i**5/40 + i**4/3 - i. Let u(w) be the third derivative of y(w). What is u(-3)?
-6
Let q(z) = z**3 + 1. Let i(b) = -3*b**3 + 2*b**2 + 5*b - 6. Let j(x) = -i(x) - 2*q(x). Determine j(3).
-2
Let f(x) = 2*x**2 + x - 6. Let v be f(0). Let w(m) = m**3 + 7*m**2 + 2 + 7*m - 4 + 10. Determine w(v).
2
Let z(p) = -10*p + 14*p + 2 - 5*p. Calculate z(4).
-2
Let o(d) = -3*d + 4. Let j be o(3). Let r(q) = -6*q**2 - q**3 - 3 - 8*q + 6 + 2*q. Give r(j).
8
Let o be -3 - 5*6/15. Let w(m) = -4*m + 2*m**3 + 2*m**2 + 2*m**2 - m**3 - 1. Calculate w(o).
-6
Let k(c) be the second derivative of -c**5/20 - c**4/4 + c**3/3 - c**2 + c. Let d = -5 - -8. Let h be -2 - (1 - (3 - d)). Determine k(h).
-8
Let k(d) = -d**3 + 3*d**2 - d + 4. Let z(p) = -p**3 + 10*p**2 - 11*p + 13. Let u be z(9). Let s = u + 9. Suppose 16 = s*i - x, 31 = 5*i - 3*x - x. Give k(i).
1
Suppose -4*u = 0, 3*w - 4*u - 1 = -34. Let a(y) = -y - 11. Let i be a(w). Let q(z) = -z**2 - 3. Give q(i).
-3
Let g(i) = -4*i + 10. Let q be (-2)/(2/(-3)) - -1. Let c be g(q). Let y(h) = -h**3 - 5*h**2 + 4*h - 8. What is y(c)?
4
Let d(g) = g + 6. Suppose -5*y = -4*a - 33, 3*a + y + 24 = 4*y. Give d(a).
-1
Let x(n) = -n**3 + n**2 - 1. Let g = 33 + -19. Let z = g + -9. Suppose 0 = -5*u - 4*o + 4 + 2, 3 = -u - z*o. Give x(u).
-5
Let m(w) = -5*w**2 - 6*w + 2. Let x(c) = c + 1. Let f be x(5). Let r(j) = -j**2 - j. Let y be (-1)/4 - 6/8. Let p(k) = f*r(k) + y*m(k). Calculate p(3).
-11
Let s be (-1 + -1)/(5 + -7). Let q(v) = v**3 + v**2 + v + 1. Let f(w) = 3*w**3 + 2*w**2 + w + 9. Let j(h) = s*f(h) - 2*q(h). Let u be 6/15 - 2/5. Give j(u).
7
Let o(x) = x - 1. Suppose 0 = k - 1 - 1. Suppose 0 = 3*s - c + k - 0, -5*s + 2*c = 3. What is o(s)?
-2
Let j = 2 + -7. Let c(d) = -5*d + 7 + d + 5*d. Calculate c(j).
2
Let o(l) be the first derivative of l**3/3 - 7*l**2/2 + 6*l + 22. What is o(7)?
6
Suppose 10*x - 11*x = 0. Let w(q) = q**2 + q - 7. Calculate w(x).
-7
Let m be 1/(-2)*3*-2. Suppose 0 = -5*x + m*x + 8. Let c(b) = -8*b**2 + 7*b - 6. Let y(z) = -23*z**2 + 21*z - 18. Let d(t) = 17*c(t) - 6*y(t). What is d(x)?
10
Let h be (33/22)/(2/(-4)). Let x(p) = -p - 1. Calculate x(h).
2
Suppose 2*h + 9 = -h. Let q(o) = o**3 + o**2 - 3*o - 3. Calculate q(h).
-12
Let c = 1 + 12. Let i = -8 + c. Let d(t) be the third derivative of -t**4/24 + t**3/2 + t**2. Calculate d(i).
-2
Let q be (1 - -1)*1/2. Let l(y) be the first derivative of 95*y + 0*y**2 - 96*y - 2*y**2 - 5. Give l(q).
-5
Let o(t) = -t - 5. Suppose 0 = -3*a + 7 - 28. Suppose x + 3 = i, -3 - 15 = -i + 4*x. Let q = a - i. Give o(q).
0
Let b(w) be the second derivative of -1/6*w**3 - 1/2*w**2 - 1/12*w**4